nits digit of 8947?
7
What is the units digit of 13114?
4
What is the thousands digit of 1026?
1
What is the thousands digit of 1824?
1
What is the thousands digit of 3676?
3
What is the thousands digit of 18351?
8
What is the tens digit of 392?
9
What is the hundreds digit of 20612?
6
What is the hundred thousands digit of 147116?
1
What is the hundreds digit of 56763?
7
What is the thousands digit of 1591?
1
What is the units digit of 317?
7
What is the ten thousands digit of 21467?
2
What is the hundreds digit of 2097?
0
What is the hundreds digit of 618?
6
What is the tens digit of 5026?
2
What is the units digit of 2576?
6
What is the hundreds digit of 5649?
6
What is the hundreds digit of 124067?
0
What is the thousands digit of 2008?
2
What is the hundreds digit of 569?
5
What is the tens digit of 25693?
9
What is the hundreds digit of 966?
9
What is the thousands digit of 17183?
7
What is the hundreds digit of 32847?
8
What is the hundreds digit of 24739?
7
What is the tens digit of 7000?
0
What is the units digit of 76949?
9
What is the units digit of 8946?
6
What is the ten thousands digit of 10430?
1
What is the ten thousands digit of 15343?
1
What is the tens digit of 2812?
1
What is the ten thousands digit of 28455?
2
What is the units digit of 1950?
0
What is the hundreds digit of 14030?
0
What is the tens digit of 18528?
2
What is the thousands digit of 1061?
1
What is the tens digit of 1230?
3
What is the units digit of 1025?
5
What is the units digit of 17787?
7
What is the units digit of 1256?
6
What is the tens digit of 5224?
2
What is the ten thousands digit of 86759?
8
What is the tens digit of 705?
0
What is the thousands digit of 15741?
5
What is the hundreds digit of 3652?
6
What is the hundreds digit of 683?
6
What is the thousands digit of 7974?
7
What is the units digit of 4240?
0
What is the units digit of 1205?
5
What is the tens digit of 634?
3
What is the ten thousands digit of 16297?
1
What is the tens digit of 3090?
9
What is the units digit of 17955?
5
What is the thousands digit of 80629?
0
What is the ten thousands digit of 24769?
2
What is the units digit of 41584?
4
What is the thousands digit of 22411?
2
What is the thousands digit of 5719?
5
What is the tens digit of 1696?
9
What is the hundreds digit of 6451?
4
What is the units digit of 17040?
0
What is the thousands digit of 8212?
8
What is the units digit of 363?
3
What is the tens digit of 2640?
4
What is the ten thousands digit of 16978?
1
What is the units digit of 919?
9
What is the units digit of 273?
3
What is the tens digit of 8979?
7
What is the hundreds digit of 39076?
0
What is the thousands digit of 18632?
8
What is the units digit of 5251?
1
What is the ten thousands digit of 29255?
2
What is the tens digit of 436?
3
What is the tens digit of 199642?
4
What is the units digit of 5548?
8
What is the thousands digit of 1074?
1
What is the thousands digit of 5193?
5
What is the tens digit of 312?
1
What is the thousands digit of 8135?
8
What is the hundreds digit of 1522?
5
What is the units digit of 20509?
9
What is the hundreds digit of 26516?
5
What is the thousands digit of 2095?
2
What is the hundreds digit of 1491?
4
What is the units digit of 445?
5
What is the thousands digit of 1681?
1
What is the hundreds digit of 8802?
8
What is the hundreds digit of 999?
9
What is the units digit of 2289?
9
What is the ten thousands digit of 42279?
4
What is the hundreds digit of 855?
8
What is the units digit of 518?
8
What is the hundreds digit of 4111?
1
What is the hundreds digit of 3127?
1
What is the tens digit of 35709?
0
What is the thousands digit of 5495?
5
What is the units digit of 18113?
3
What is the thousands digit of 8536?
8
What is the hundreds digit of 1633?
6
What is the ten thousands digit of 15270?
1
What is the hundreds digit of 4720?
7
What is the thousands digit of 38507?
8
What is the units digit of 23774?
4
What is the thousands digit of 1137?
1
What is the ten thousands digit of 100153?
0
What is the hundreds digit of 21878?
8
What is the tens digit of 42270?
7
What is the units digit of 2044?
4
What is the units digit of 638?
8
What is the hundreds digit of 1901?
9
What is the tens digit of 1889?
8
What is the tens digit of 53396?
9
What is the tens digit of 42635?
3
What is the units digit of 4662?
2
What is the thousands digit of 55298?
5
What is the units digit of 2628?
8
What is the tens digit of 8939?
3
What is the hundreds digit of 346?
3
What is the tens digit of 2821?
2
What is the thousands digit of 6501?
6
What is the units digit of 17862?
2
What is the tens digit of 2485?
8
What is the hundreds digit of 66863?
8
What is the tens digit of 2584?
8
What is the units digit of 1276?
6
What is the thousands digit of 1270?
1
What is the thousands digit of 12047?
2
What is the tens digit of 1256?
5
What is the units digit of 20569?
9
What is the ten thousands digit of 70583?
7
What is the units digit of 33417?
7
What is the hundreds digit of 17625?
6
What is the units digit of 858?
8
What is the hundreds digit of 1453?
4
What is the units digit of 806?
6
What is the hundreds digit of 63527?
5
What is the hundreds digit of 1504?
5
What is the units digit of 100?
0
What is the units digit of 452?
2
What is the hundreds digit of 200?
2
What is the tens digit of 585?
8
What is the hundreds digit of 7205?
2
What is the hundreds digit of 3287?
2
What is the tens digit of 10837?
3
What is the thousands digit of 2193?
2
What is the units digit of 3224?
4
What is the units digit of 251?
1
What is the units digit of 78?
8
What is the hundreds digit of 10378?
3
What is the ten thousands digit of 25581?
2
What is the tens digit of 2108?
0
What is the units digit of 339?
9
What is the thousands digit of 3051?
3
What is the tens digit of 4483?
8
What is the ten thousands digit of 15740?
1
What is the tens digit of 93079?
7
What is the hundreds digit of 1218?
2
What is the hundreds digit of 49625?
6
What is the thousands digit of 1879?
1
What is the tens digit of 1171?
7
What is the hundreds digit of 15269?
2
What is the hundreds digit of 1452?
4
What is the units digit of 1308?
8
What is the units digit of 4428?
8
What is the units digit of 10925?
5
What is the tens digit of 3936?
3
What is the tens digit of 670?
7
What is the thousands digit of 7358?
7
What is the tens digit of 836?
3
What is the tens digit of 95021?
2
What is the hundreds digit of 116?
1
What is the thousands digit of 16058?
6
What is the ten thousands digit of 31622?
3
What is the hundreds digit of 25089?
0
What is the units digit of 79?
9
What is the tens digit of 1242?
4
What is the hundreds digit of 20752?
7
What is the units digit of 31497?
7
What is the thousands digit of 2441?
2
What is the units digit of 48205?
5
What is the units digit of 505?
5
What is the tens digit of 7984?
8
What is the units digit of 15487?
7
What is the units digit of 4840?
0
What is the thousands digit of 2751?
2
What is the ten thousands digit of 47756?
4
What is the tens digit of 39482?
8
What is the units digit of 14103?
3
What is the ten thousands digit of 110507?
1
What is the hundreds digit of 8342?
3
What is the units digit of 930?
0
What is the hundreds digit of 71315?
3
What is the thousands digit of 6783?
6
What is the tens digit of 605?
0
What is the hundreds digit of 5445?
4
What is the tens digit of 582?
8
What is the hundreds digit of 3176?
1
What is the thousands digit of 1307?
1
What is the units digit of 8510?
0
What is the ten thousands digit of 22112?
2
What is the units digit of 1164?
4
What is the tens digit of 39227?
2
What is the hundreds digit of 48082?
0
What is the thousands digit of 3017?
3
What is the hundreds digit of 270?
2
What is the thousands digit of 2985?
2
What is the thousands digit of 4716?
4
What is the hundreds digit of 19075?
0
What is the hundreds digit of 17711?
7
What is the tens digit of 6058?
5
What is the hundreds digit of 2181?
1
What is the tens digit of 21013?
1
What is the units digit of 110345?
5
What is the hundreds digit of 1026?
0
What is the units digit of 30006?
6
What is the tens digit of 9927?
2
What is the tens digit of 953?
5
What is the ten thousands digit of 16814?
1
What is the units digit of 7380?
0
What is th